{"id":2,"date":"2018-11-30T16:10:06","date_gmt":"2018-11-30T15:10:06","guid":{"rendered":"https:\/\/www.bokforingstjanst.eu\/?page_id=2"},"modified":"2019-08-01T16:41:49","modified_gmt":"2019-08-01T14:41:49","slug":"exempelsida","status":"publish","type":"page","link":"https:\/\/www.bokforingstjanst.eu\/?page_id=2","title":{"rendered":"V\u00e5ra Tj\u00e4nster"},"content":{"rendered":"<h2>V\u00e5ra Tj\u00e4nster<\/h2>\n<h4>Bokf\u00f6ringen \u00e4r viktig f\u00f6r ert f\u00f6retag<\/h4>\n<p>Alla som driver n\u00e5gon form av n\u00e4ringsverksamhet, b\u00e5de enskilda personer, f\u00f6retag, f\u00f6reningar och stiftelser, \u00e4r bokf\u00f6ringsskyldiga. Det sker hela tiden ekonomiska aff\u00e4rsh\u00e4ndelser som ska tas om hand och redovisas p\u00e5 korrekt s\u00e4tt enligt de lagar och regler som g\u00e4ller. Det finns ocks\u00e5 krav fr\u00e5n Skatteverket att bokf\u00f6ringen ska vara korrekt ur beskattningssynvinkel.<\/p>\n<p>Vi hj\u00e4lper er med allt ni beh\u00f6ver inom ekonomi f\u00f6r ert f\u00f6retag<\/p>\n<ul>\n<li>L\u00f6pande bokf\u00f6ring<\/li>\n<li>Uppdaterad kund- och leverant\u00f6rsreskontra<\/li>\n<li>Hantera er fakturering<\/li>\n<li>Betalningsuppdrag<\/li>\n<li>Moms- och arbetsgivardeklarationer<\/li>\n<li>Bokslut<\/li>\n<li>L\u00f6nehantering<\/li>\n<li>Deklarationer (B\u00e5de f\u00f6retag och privata)<\/li>\n<\/ul>\n","protected":false},"excerpt":{"rendered":"<p>V\u00e5ra Tj\u00e4nster Bokf\u00f6ringen \u00e4r viktig f\u00f6r ert f\u00f6retag Alla som driver n\u00e5gon form av n\u00e4ringsverksamhet, b\u00e5de enskilda personer, f\u00f6retag, f\u00f6reningar och stiftelser, \u00e4r bokf\u00f6ringsskyldiga. Det sker hela tiden ekonomiska aff\u00e4rsh\u00e4ndelser som ska tas om hand och redovisas p\u00e5 korrekt s\u00e4tt enligt de lagar och regler som g\u00e4ller. Det finns ocks\u00e5 krav fr\u00e5n Skatteverket att bokf\u00f6ringen [&hellip;]<\/p>\n","protected":false},"author":3,"featured_media":75,"parent":0,"menu_order":0,"comment_status":"closed","ping_status":"open","template":"","meta":{"footnotes":""},"class_list":["post-2","page","type-page","status-publish","has-post-thumbnail","hentry"],"_links":{"self":[{"href":"https:\/\/www.bokforingstjanst.eu\/index.php?rest_route=\/wp\/v2\/pages\/2","targetHints":{"allow":["GET"]}}],"collection":[{"href":"https:\/\/www.bokforingstjanst.eu\/index.php?rest_route=\/wp\/v2\/pages"}],"about":[{"href":"https:\/\/www.bokforingstjanst.eu\/index.php?rest_route=\/wp\/v2\/types\/page"}],"author":[{"embeddable":true,"href":"https:\/\/www.bokforingstjanst.eu\/index.php?rest_route=\/wp\/v2\/users\/3"}],"replies":[{"embeddable":true,"href":"https:\/\/www.bokforingstjanst.eu\/index.php?rest_route=%2Fwp%2Fv2%2Fcomments&post=2"}],"version-history":[{"count":3,"href":"https:\/\/www.bokforingstjanst.eu\/index.php?rest_route=\/wp\/v2\/pages\/2\/revisions"}],"predecessor-version":[{"id":96,"href":"https:\/\/www.bokforingstjanst.eu\/index.php?rest_route=\/wp\/v2\/pages\/2\/revisions\/96"}],"wp:featuredmedia":[{"embeddable":true,"href":"https:\/\/www.bokforingstjanst.eu\/index.php?rest_route=\/wp\/v2\/media\/75"}],"wp:attachment":[{"href":"https:\/\/www.bokforingstjanst.eu\/index.php?rest_route=%2Fwp%2Fv2%2Fmedia&parent=2"}],"curies":[{"name":"wp","href":"https:\/\/api.w.org\/{rel}","templated":true}]}}